-53
-249 (base 12) to base 4
-11121
3 (base 13) to base 8
3
Convert -69 (base 16) to base 5.
-410
Convert -25 (base 8) to base 10.
-21
1a8 (base 14) to base 13
206
-3 (base 16) to base 14
-3
Convert -1 (base 4) to base 8.
-1
What is -346 (base 9) in base 5?
-2120
Convert 0 (base 14) to base 2.
0
Convert 5 (base 10) to base 7.
5
Convert -444 (base 6) to base 10.
-172
What is -2 (base 4) in base 2?
-10
-52 (base 11) to base 9
-63
Convert 1b (base 12) to base 15.
18
Convert -28 (base 13) to base 9.
-37
3 (base 7) to base 5
3
What is -10 (base 5) in base 12?
-5
Convert 200 (base 4) to base 9.
35
What is 4 (base 14) in base 12?
4
Convert 44 (base 5) to base 13.
1b
What is a (base 13) in base 2?
1010
8 (base 10) to base 12
8
Convert 15 (base 8) to base 14.
d
-1 (base 5) to base 14
-1
What is -21 (base 11) in base 4?
-113
41 (base 7) to base 12
25
Convert -1 (base 7) to base 15.
-1
What is -25 (base 9) in base 14?
-19
Convert -12d (base 14) to base 7.
-456
3 (base 16) to base 4
3
Convert -11 (base 16) to base 9.
-18
-10 (base 4) to base 8
-4
Convert 6 (base 9) to base 16.
6
120 (base 5) to base 14
27
Convert -3 (base 11) to base 8.
-3
Convert -312 (base 4) to base 13.
-42
7 (base 10) to base 11
7
What is 9 (base 10) in base 4?
21
What is 0 (base 12) in base 16?
0
Convert -3 (base 8) to base 4.
-3
Convert 122 (base 7) to base 12.
55
Convert -1 (base 7) to base 16.
-1
69 (base 15) to base 6
243
Convert 0 (base 11) to base 10.
0
Convert -1 (base 4) to base 15.
-1
-13 (base 4) to base 10
-7
What is 174 (base 13) in base 10?
264
Convert 12 (base 15) to base 8.
21
22 (base 3) to base 6
12
Convert -22 (base 5) to base 13.
-c
What is 54 (base 7) in base 3?
1110
Convert 1 (base 3) to base 8.
1
Convert 2 (base 5) to base 7.
2
2 (base 5) to base 16
2
What is 30 (base 4) in base 2?
1100
Convert 161 (base 7) to base 11.
84
Convert -123 (base 5) to base 2.
-100110
Convert -3 (base 7) to base 12.
-3
What is 29 (base 13) in base 8?
43
2 (base 6) to base 4
2
What is -10a (base 11) in base 8?
-203
What is -10100101 (base 2) in base 16?
-a5
Convert 1 (base 14) to base 6.
1
What is -2 (base 3) in base 2?
-10
What is -348 (base 9) in base 6?
-1155
What is 1 (base 16) in base 8?
1
Convert 19 (base 10) to base 16.
13
What is -6 (base 16) in base 9?
-6
15 (base 11) to base 15
11
-34 (base 7) to base 2
-11001
What is -11 (base 14) in base 15?
-10
5 (base 15) to base 3
12
Convert -3 (base 14) to base 16.
-3
What is 120 (base 3) in base 10?
15
What is -13 (base 9) in base 13?
-c
What is -13 (base 12) in base 7?
-21
-1421 (base 5) to base 15
-10b
Convert 11 (base 6) to base 7.
10
Convert -1 (base 11) to base 12.
-1
-3 (base 12) to base 8
-3
-5 (base 14) to base 3
-12
Convert 1 (base 6) to base 15.
1
-1001000 (base 2) to base 10
-72
Convert 2113 (base 4) to base 14.
ab
-23 (base 10) to base 4
-113
Convert -3 (base 10) to base 13.
-3
401 (base 5) to base 16
65
Convert -24 (base 5) to base 2.
-1110
Convert -10 (base 12) to base 14.
-c
What is -2 (base 7) in base 3?
-2
110 (base 2) to base 4
12
Convert -9 (base 10) to base 12.
-9
-264 (base 8) to base 2
-10110100
What is 71 (base 10) in base 3?
2122
2 (base 14) to base 5
2
5 (base 7) to base 11
5
0 (base 11) to base 6
0
-18 (base 15) to base 7
-32
What is 3 (base 15) in base 9?
3
Convert -15b (base 12) to base 15.
-e5
-3a (base 12) to base 7
-64
3 (base 8) to base 6
3
4 (base 13) to base 8
4
-16 (base 11) to base 14
-13
What is -1 (base 15) in base 8?
-1
Convert -1ab (base 12) to base 9.
-335
Convert -11 (base 2) to base 3.
-10
What is 4 (base 8) in base 14?
4
-1 (base 13) to base 12
-1
Convert -6 (base 16) to base 13.
-6
Convert 420 (base 9) to base 13.
204
-1211 (base 4) to base 15
-6b
Convert -11 (base 6) to base 12.
-7
0 (base 3) to base 8
0
Convert -101 (base 2) to base 6.
-5
-1 (base 11) to base 10
-1
What is 210 (base 5) in base 2?
110111
Convert -1 (base 10) to base 7.
-1
What is 2 (base 3) in base 4?
2
What is -8 (base 13) in base 6?
-12
-10 (base 4) to base 10
-4
Convert -33 (base 8) to base 11.
-25
Convert -27 (base 11) to base 9.
-32
Convert -1000 (base 2) to base 12.
-8
-322 (base 6) to base 2
-1111010
10010110 (base 2) to base 5
1100
Convert 331 (base 4) to base 14.
45
What is -223 (base 8) in base 14?
-a7
What is 123 (base 6) in base 10?
51
-7 (base 16) to base 2
-111
-96 (base 12) to base 4
-1302
What is -5 (base 9) in base 16?
-5
What is 6f (base 16) in base 7?
216
-11 (base 5) to base 12
-6
Convert 10 (base 7) to base 6.
11
Convert -10 (base 9) to base 6.
-13
-1 (base 9) to base 12
-1
Convert 11 (base 8) to base 11.
9
Convert e (base 16) to base 7.
20
-3 (base 5) to base 11
-3
4 (base 11) to base 9
4
-1 (base 6) to base 16
-1
What is 3 (base 15) in base 16?
3
What is 5 (base 13) in base 6?
5
Convert 4b (base 13) to base 16.
3f
Convert 1 (base 7) to base 16.
1
What is 3 (base 5) in base 9?
3
Convert 21 (base 12) to base 2.
11001
-122 (base 8) to base 9
-101
108 (base 13) to base 9
216
Convert 1 (base 8) to base 6.
1
2 (base 7) to base 12
2
What is 100 (base 2) in base 13?
4
Convert 112 (base 4) to base 2.
10110
Convert -1102 (base 3) to base 7.
-53
What is 52 (base 11) in base 13?
45
What is 8 (base 14) in base 12?
8
What is -13 (base 6) in base 9?
-10
Convert 4 (base 6) to base 16.
4
Convert -2 (base 16) to base 3.
-2
What is a (base 16) in base 7?
13
-142 (base 8) to base 9
-118
Convert 4 (base 8) to base 10.
4
Convert 102 (base 5) to base 12.
23
0 (base 15) to base 8
0
Convert -11 (base 3) to base 4.
-10
What is -1 (base 5) in base 14?
-1
Convert 11 (base 4) to base 7.
5
Convert -4 (base 14) to base 9.
-4
11 (base 3) to base 2
100
What is -3 (base 9) in base 15?
-3
6e (base 16) to base 9
132
What is 2220 (base 3) in base 12?
66
-8 (base 12) to base 9
-8
-1200 (base 6) to base 5
-2123
What is -1 (base 2) in base 15?
-1
Convert -6 (base 15) to base 4.
-12
What is -153 (base 7) in base 12?
-73
What is 1231 (base 5) in base 4?
2333
Convert 2 (base 12) to base 10.
2
What is e (base 16) in base 9?
15
What is -4 (base 7) in base 14?
-4
1 (base 12) to base 10
1
Convert -1 (base 16) to base 7.
-1
Convert 101 (base 2) to base 15.
5
Convert -24 (base 6) to base 10.
-16
Convert -1 (base 2) to base 7.
-1
Convert -39 (base 13) to base 16.
-30
Convert -5 (base 12) to base 3.
-12
What is -10 (base 8) in base 14?
-8
What is -15 (base 8) in base 4?
-31
-6 (base 10) to base 15
-6
Convert -63 (base 9) to base 16.
-39
What is 66 (base 13) in base 15?
59
-71 (base 12) to base 15
-5a
What is 12 (base 6) in base 9?
8
c (base 13) to base 9
13
143 (base 6) to base 5
223
12122 (base 3) to base 9
178
Convert -1 (base 11) to base 13.
-1
32 (base 4) to base 15
e
What is 1200 (base 4) in base 5?
341
What is -1 (base 4) in base 12?
-1
Convert 541 (base 7) to base 10.
274
What is -57 (base 16) in base 7?
-153
What is -1 (base 3) in base 6?
-1
65 (base 10) to base 11
5a
10 (base 6) to base 15
6
Convert -111 (base 4) to base 14.
-17
Convert -101 (base 2) to base 6.
-5
-3 (base 13) to base 14
-3
3213 (base 4) to base 15
106
What is -122 (base 3) in base 10?
-17
Convert 19 (base 11) to base 12.
18
What is 3 (base 16) in base 3?
10
What is 3a (base 15) in base 4?
313
-122 (base 6) to base 9
-55
-121 (base 6) to base 2
-110001
Convert 30 (base 10) to base 16.
1e
-48 (base 10) to base 8
-60
Convert a (base 12) to base 8.
12
Convert 111001 (base 2) to base 16.
39
-2 (base 15) to base 12
-2
What is -23 (base 6) in base 4?
-33
Convert 0 (base 3) to base 12.
0
Convert -1200 (base 3) to base 11.
-41
Convert -111101 (base 2) to base 11.
-56
Convert -232 (base 8) to base 16.
-9a
Convert 23 (base 11) to base 12.
21
-1 (base 13) to base 3
-1
What is -7 (base 16) in base 9?
-7
12 (base 8) to base 5
20
22120 (base 3) to base 14
127
33 (base 4) to base 16
f
600 (base 7) to base 16
126
What is -423 (base 5) in base 12?
-95
What is 121 (base 4) in base 2?
11001
0 (base 5) to base 11
0
What is -2 (base 4) in base 9?
-2
What is 66 (base 11) in base 3?
2200
What is 3 (base 8) in base 7?
3
Convert -10010001 (base 2) to base 12.
-101
29 (base 14) to base 12
31
Convert 1212 (base 4) to base 14.
74
Convert 45 (base 11) to base 9.
54
Convert c (base 13) to base 3.
110
Convert -3b (base 14) to base 16.
-35
What is 3b (base 12) in base 9?
52
-3 (base 5) to base 13
-3
29